t v be t(-1). Suppose -7*g + 2*g + 4*x + 845 = 0, v = x + 5. Suppose 6*k + g = 9*k. Is k a prime number?
False
Let f(u) = 282*u + 161. Is f(31) a prime number?
False
Suppose 2957 = 2*w - 0*b + 3*b, -10 = 2*b. Is w a composite number?
True
Let o(n) = -n**2 + 14*n - 9. Let b be o(7). Let y(j) = 0 + b*j + 3 - 8. Is y(10) composite?
True
Let p be 3/(7 + -4) - -4. Suppose 28008 = 4*f - 4*z, p*f - 4728 = -4*z + 30237. Is f prime?
True
Let i = -31449 + 46844. Is i composite?
True
Let v = 48 - -485. Is v prime?
False
Let s = 15913 + -10926. Is s prime?
True
Let x(p) = 247*p + 15. Let j be x(-2). Let i = j + 1160. Is i prime?
False
Suppose -2*d - 219 = n - 1108, 2*d + 4*n = 880. Is d prime?
False
Let i be -2 + 3 + (-2049)/(-3). Suppose 4*t = 512 + i. Is t prime?
False
Let h(o) = o**3 + 14*o**2 + 14*o + 18. Let w(c) = -c - 7. Let t be w(6). Let j be h(t). Suppose -j*g + 235 = -820. Is g a composite number?
False
Suppose -3*m - 4*z + 34061 = 0, 8 = -2*z + 6*z. Is m composite?
False
Let t = -73 + 1782. Is t a prime number?
True
Let v(j) be the second derivative of -3*j**5/10 - j**4/6 - j**3/6 - j**2 + j. Is v(-3) a composite number?
True
Suppose -5*h = -5*s - h - 1126, 0 = -5*s + 5*h - 1125. Let b = 899 + s. Is b a composite number?
False
Suppose -2*d + 140 = 40. Let t = d - 19. Is t composite?
False
Suppose 5*f = 4*f - 2, -2*l - 16 = -f. Is 356 - (-6)/18*l a composite number?
False
Let q = 132 - -405. Is q a composite number?
True
Let f be 3 + -4 + 3 - -5. Suppose -28 + f = -x + 5*u, 4*u = x - 23. Is x a prime number?
True
Let a(k) = -453*k + 5. Let y be a(3). Is y/((12/(-4))/(9/6)) a composite number?
False
Let k(s) = -118*s. Let m(x) = 59*x. Let u(t) = 6*k(t) + 13*m(t). Is u(2) a prime number?
False
Suppose -2*p + 5*i + 6373 = -3708, -2*i + 5063 = p. Suppose -3*q - b = 890 - 3925, p = 5*q - b. Is q a prime number?
False
Is 1 + -5 - (6/1 - 672) a composite number?
True
Let y(n) = n**2 + 3*n + 214. Let q(h) = h**2 + h. Let w be q(-1). Is y(w) a composite number?
True
Suppose -5*b - u = 3 - 9, 5*u + 22 = b. Suppose -2*d + 2961 = 5*w, 0 = -5*w + b*w + 4*d + 1787. Is w prime?
True
Suppose 275 = -5*x + c, 0*x + c + 61 = -x. Let z = x + 107. Is 0 + -1 + -4 + z composite?
True
Let p be ((-5215)/4)/((-3)/12). Is p/63 - 2/(-9) prime?
True
Suppose -6*t = -20 + 2. Suppose -t*v = v - 1060. Is v a composite number?
True
Suppose -4*f + 263656 = 4*g, 5*g - 3*f = 3*g + 131803. Is g a prime number?
False
Let i = -903 - -1810. Is i prime?
True
Let q be (-109)/(((-3)/8)/3). Suppose -1489 = -3*s + q. Let z = s - 468. Is z composite?
True
Suppose 85573 = 2*i - 3*g, 2*i - 2*g - 85568 = -0*g. Is i composite?
True
Let z be (-1)/(-2)*1/(-2)*0. Suppose -5*y - 5*y + 13270 = z. Is y prime?
True
Let k(p) = 782*p + 817. Is k(54) a composite number?
True
Let p = -257 - 162. Let x = -247 - p. Let i = x - -369. Is i prime?
True
Let i(w) = w**2 + 17*w + 16. Let m be i(-16). Is m - (2 + 0) - 6579/(-3) a prime number?
False
Is 2216907/132 + (-1)/(-4) a prime number?
False
Let c be (6/3 - 2)/(-1)*-1. Suppose i - 61 = -3*h + 5*i, 3*i + 3 = c. Is h a composite number?
False
Let k(n) = 30*n**3 - 2*n**2 + 4*n - 3. Let c(d) = -3*d - 27. Let q(j) = j + 9. Let w(b) = -4*c(b) - 11*q(b). Let s be w(-7). Is k(s) prime?
False
Let q = 12 + -6. Suppose -4*n = -432 + 148. Is q - 8 - (2 - n) composite?
False
Suppose -q - 4*q + 15 = 0, 2*x + 59 = -3*q. Let b = x + 35. Is (116 - (1 + 3)) + b composite?
False
Let y be (-3)/2*28/42. Let k be 5/2*248/10. Is (-3)/(6*y/k) composite?
False
Suppose -10 = -4*l + 14. Suppose 7*w = l*w + 5. Suppose 0*y + y + 4*m = 381, 5*m = w. Is y composite?
True
Suppose -2*x + 12259 = x + 2*j, 5*x - 5*j = 20390. Is x a composite number?
True
Let p(r) = r**2 - 8*r + 9. Let l be p(7). Let n(t) = 75*t - 5. Is n(l) a prime number?
False
Suppose 6 = -j - 4*x + 1, x = -4*j + 55. Suppose j = 3*y + 2*y. Suppose -y*f = -15 - 6. Is f composite?
False
Let p(b) = b**3 - 2*b**2 - b**2 + b + 3*b**2 + 10 + 7*b**2. Let t be p(-7). Suppose t*d - 5 = 94. Is d prime?
False
Let v be (4 - 0) + -21 + -2. Let s = -21 - v. Is s/8 + 2386/8 a prime number?
False
Suppose s - 12 = 2*c - 0, -4*c - 20 = 0. Let h(r) = 2*r**2 + 2*r**2 - 2*r**s - 3*r**2 - r + 237. Is h(0) prime?
False
Let v(p) = 4*p**2 + 20*p - 65. Is v(-24) prime?
True
Let n(o) = -13*o - 15. Let d be n(6). Is (d/62)/(3/(-3988)) a prime number?
False
Let z = 3 - 0. Suppose 0 = z*a - 248 + 92. Let v = a + 3. Is v a prime number?
False
Let v(h) = 8*h - 6 + 3*h**2 + 6*h**2 - 5*h**2. Let q be (-228)/(-44) - 2/11. Is v(q) a composite number?
True
Suppose -774 + 2639 = 5*p. Is p a prime number?
True
Let a(s) = 4233*s**2 - 10*s - 18. Let q be a(-6). Is 1/8 + q/16 a prime number?
False
Let u(k) = 6*k**2 - k - 2. Let s be u(3). Suppose 3*d + 5*z = 5, -2*z - 1 = -5*d - 3*z. Suppose d = -w + 3*y + 247 - s, 3*w = -3*y + 606. Is w prime?
False
Let f(i) = 4*i + 9 + 7 - 12 + 7*i**2. Is f(-7) a prime number?
False
Let r be 13/(39/(-2016)) - -2. Let x = r + 1119. Is x prime?
True
Let n = 226 - 94. Let t be ((-7)/2)/((-9)/882). Let j = t - n. Is j composite?
False
Is (-47445)/45*-4*6/4 composite?
True
Let m be (3 + -21)*3/(-6). Let k(s) = -s**3 + 12*s**2 - 14*s + 7. Let a be k(m). Suppose r + 3*r = a. Is r a composite number?
False
Suppose -18*s = -44*s + 945698. Is s composite?
False
Let f(j) = j**3 + 15*j**2 - 16*j - 8. Let m be f(-16). Let y(k) = -k**3 + 5*k**2 + 7*k - 9. Is y(m) a composite number?
True
Is 12988/2 - 12/(-60)*25 a prime number?
False
Let n = 8265 + -5280. Let u = 5716 - n. Is u a composite number?
False
Suppose -4*i + 3387 = -0*u - 5*u, -5*i + u = -4218. Suppose 4*k + q = 339 + i, 0 = 4*q - 8. Is k composite?
True
Suppose -3142 = -d - 2*k - 3*k, 2*k + 2 = 0. Is d composite?
True
Suppose -2*h - 23*i + 13465 = -22*i, -3*i + 9 = 0. Is h a prime number?
False
Let j = 5596 + -2863. Let y = j + -796. Is y prime?
False
Suppose -5*u + 0*g = -2*g - 868, 5*u = -2*g + 852. Suppose -2*p + 6*p = -u. Let x = 228 + p. Is x a composite number?
True
Suppose -8*s = 10650 + 2742. Let n = s - -2407. Is n composite?
False
Let i be 11736/27 - 4/6. Suppose 3*a = -i + 5867. Is a composite?
False
Let u be (-5 - -3214) + 1/(-1). Let c = u + -492. Suppose -1358 = -2*s - 2*f + f, -4*s - 5*f = -c. Is s prime?
False
Is (4487 - 6 - -3) + -3 a prime number?
True
Suppose -g + 5*g - 20 = 0. Is 1*(470 + (-20)/g) a prime number?
False
Let v = 12696 + -8275. Is v a composite number?
False
Suppose 2*p + p = 9. Is (1165 - 0) + (p - (-3)/(-3)) a prime number?
False
Let f = 3 + 0. Suppose -f*s + 12 = s. Suppose 0 = g - 4, -g + 3*g + 697 = s*n. Is n composite?
True
Let m(u) = -6*u - 2. Let i be m(-1). Suppose 4*q + 0*q = 3*j - 2985, q - 3961 = -i*j. Is j a prime number?
True
Let m = -2408 + 1713. Let t = m - -1480. Is t prime?
False
Suppose -2*s = 33*s - 154210. Is s composite?
True
Let d be 338639/35 + (-3)/(-5). Suppose -12*x + d = -4136. Is x a prime number?
True
Let p(a) = 40*a. Let i(g) = -40*g + 1. Let v(o) = -3*i(o) - 4*p(o). Let h be v(-4). Suppose -17 + h = 4*n. Is n prime?
False
Let v = 53154 + -29003. Is v composite?
False
Let y(s) = -9*s - 23. Let k be y(-2). Let g(c) be the first derivative of 8*c**3/3 + 3*c**2/2 - 7*c - 1. Is g(k) a prime number?
False
Suppose 0 = 5*v + 2*v - 24171. Suppose -115*c = -112*c - v. Is c a composite number?
False
Suppose 5*f - 2*u - 8533 = 0, -6*f + 7*f - 1709 = -2*u. Is f a prime number?
False
Suppose 7*d + 5 = 8*d. Suppose 4*i - i = -d*h + 253, i = -3*h + 155. Suppose -7*k - h + 8642 = 0. Is k a composite number?
True
Suppose -5*j + 2035 = -4*l + 2*l, -j + 2*l + 407 = 0. Is j composite?
True
Is (-1)/(-3)*-1*(-508338)/62 prime?
False
Suppose -v + 3992 = -g, 2*v - 7142 = -3*g + 827. Is v prime?
True
Let f(z) be the first derivative of z**4/4 - 4*z**3 - z**2/2 - 11*z + 5. Let h be f(13). Let l = -80 + h. Is l composite?
True
Let c = 2059 - -3374. Is c prime?
False
Is 1/4 - 59169/(-44) a prime number?
False
Suppose -j + 3*f - 4*f + 1063 = 0, 2*j + f = 2128. Suppose 0*h - 5*h = -j. Is h composite?
True
Let x be (2/(-4))/((-1)/6). Let q(l) = -5*l**2 - 3*l - 8*l**x - 2*l + 3*l**2 - 3. Is q(-4) composite?
True
Suppose 2149 = 4*d + 3*i, 0 = 5*d + 6*i - 10*i - 2725. Is d a prime number?
True
Let w(l) = 2*l + 10. Let a be w(-3). Let z(j) = 49*j +